)/((j/27)/(-7))?
2
What is the hundreds digit of (10 + 43 - -43)*3/(-4)*-2?
1
Let u = 7096 + 7820. What is the ten thousands digit of u?
1
Let f(p) = 4*p**2 - 2*p - 6. Let i(y) = -3*y**2 + y + 5. Let n(d) = -2*f(d) - 3*i(d). Let m be n(16). Let c = m + -118. What is the tens digit of c?
5
Let r(z) = -18*z + 69. Let g be r(4). What is the thousands digit of ((-5)/g*10)/((-1)/(-63))?
1
Let m = -30 - -58. Suppose -u + 2*u - 10 = 3*q, m = 5*u - 4*q. Suppose -3*f + 345 = -u*r, 4*r - 604 = -5*f + r. What is the tens digit of f?
1
Suppose 98*k - 293637 + 31440 = -15629. What is the hundreds digit of k?
5
Suppose 52*u + 120 = 72*u. What is the units digit of u?
6
Let z(u) = -984*u + 1496. What is the tens digit of z(-12)?
0
Suppose -4*k + 264 = -10*k. Let z = -15 - k. Suppose -426 = z*g - 31*g. What is the units digit of g?
3
Suppose -5*m - 5*p + 11884 = -3*p, 4*m - p = 9502. What is the tens digit of m?
7
Suppose x - 1601 = 5*s, -2*x + 5*s - s + 3214 = 0. Suppose 15*z + x = 12531. What is the tens digit of z?
2
Let g(d) = 10135*d - 9732. What is the thousands digit of g(6)?
1
Let t = 1141 - 1133. Let b(m) be the first derivative of m**3/3 + 2*m**2 - 28*m - 3. What is the units digit of b(t)?
8
Let c be (-11 - 190/(-15))*6/5. Let h(j) = 45*j. Let q be h(3). Suppose 0 = -c*f + 175 + q. What is the hundreds digit of f?
1
Suppose 0 = -11*g + 6820 + 737. Suppose n - 33 - g = 0. What is the hundreds digit of n?
7
Suppose -2*c + w - 146 = 0, 0*c - 4*w = -5*c - 359. Let q(z) = -82*z. Let p be q(-1). Let g = p + c. What is the units digit of g?
7
What is the tens digit of 12182 + (5/15)/((-15)/18 - -1)?
8
Let r = 19431 + -12434. What is the tens digit of r?
9
Suppose 37*f + 405*f + 848239 = 26788777. What is the thousands digit of f?
8
Let g(l) = -3*l**2 - 24*l - 19. Let b be g(-7). Suppose -14*u + 2796 = -b*u. What is the units digit of u?
3
Suppose 5*d - 5*z = 10, 7*z = 2*d + 2*z - 4. Suppose -4*y - x = -157, -2*y + d*x + 115 = y. What is the units digit of y?
9
Suppose 0 = -7*p - 38 + 10237. Suppose 0 = -9*k + 4510 + p. What is the tens digit of k?
6
Suppose -r - f = -35010, 3487*f - 175048 = -5*r + 3484*f. What is the ten thousands digit of r?
3
Let j = 12677 - 8730. Suppose -4*w + 6526 = 3*g, -5*g + 2575 + j = 4*w. What is the hundreds digit of w?
6
Let j(l) = 14*l**3 + 40*l**2 + 18*l - 219. What is the units digit of j(12)?
9
Let y(b) = -42*b**3 + b**2 - 147*b - 684. What is the units digit of y(-5)?
6
Suppose 23*v - 20*v = -72. What is the units digit of (-6 - v/(-4))*-28?
6
Let z(o) = 4661*o - 873. What is the hundreds digit of z(14)?
3
Let i = -16880 + 34327. What is the thousands digit of i?
7
Suppose 0 = -4*l + 5*r + 116, -3*r - 182 + 50 = -5*l. Suppose -l + 84 = 4*y. What is the units digit of y/(-5) - (-4 + -156)?
7
Let g = 9741 - -1700. What is the units digit of g?
1
Let k be -13 + 58 + 4/2. Suppose -n + k - 68 = 0. Let f = n + 143. What is the units digit of f?
2
Suppose 0 = -2*m + 6586 + 10570. What is the thousands digit of m?
8
Let v(b) = b**3 - 17*b**2 + 420*b - 109. What is the hundreds digit of v(27)?
5
Suppose -2281 = 4*v + 4*b + 23, 576 = -v - 3*b. Let a = v + 1626. What is the tens digit of a?
5
Suppose -60*t + 454 = -326. Let f(h) = 13*h**2 - 23*h + 81. What is the thousands digit of f(t)?
1
Let x(o) = 5*o**2 + 4*o + 3. Let m be x(-1). Suppose -l + m*v = 132 - 545, 0 = -2*l + 5*v + 835. What is the units digit of l?
5
Let u(t) be the third derivative of t**4/24 + t**3/3 + 22*t**2. Let y be u(-3). Let b(z) = -49*z**3 + 3*z**2 + 4*z + 2. What is the tens digit of b(y)?
5
Let i(g) = g**3 + 2*g**2 + 6*g**2 - 12*g + 8 - 14*g**2. Suppose -5*h + 3 = -37. What is the tens digit of i(h)?
4
What is the units digit of (-3)/6*6*8/24 + 16711?
0
Let q = 3207 - -10427. What is the hundreds digit of q?
6
Let b = 29608 - 15868. What is the hundreds digit of b?
7
Let z(x) = -822*x + 3649. What is the hundreds digit of z(-18)?
4
Suppose 17*l - 43793 = 45491. What is the tens digit of l?
5
Suppose -o + 2*x = -18 - 29, -2*x = 4*o - 188. Let h = 76 - o. What is the units digit of h?
9
Suppose 4*y + 3512 = 12*y. Suppose 594 = 4*c - 3*t, 3*c + t - y = -0*t. What is the units digit of -2 + 0 + c + -3 + 1?
3
Suppose 74 = 2*a - 362. Let i = 266 - a. What is the units digit of i?
8
Suppose 0 = 3*n - 3*k - 3327, 4*n - 3*k = 5272 - 835. What is the hundreds digit of n/(-10)*14/(-3)?
5
What is the units digit of 9/((-396)/(-7535))*188?
5
Let x(f) = f**3 + 12*f**2 - 3*f - 7. Let l be x(-12). Suppose 28*i + 5 = l*i. Suppose 315 = 8*j - 4*j + u, i*j - 3*u - 415 = 0. What is the units digit of j?
0
Suppose 0 = 3*s - 471 - 354. Let q(k) = k + 70. Let a be q(0). Let f = s - a. What is the units digit of f?
5
Let k be (-12)/9*(-11 + -1372). Suppose 4*y = 2*u - 1848, -2*u + 9*y + k = 7*y. What is the hundreds digit of u?
9
Suppose -885 = 2*d - 2921. Suppose -5*x - z = -2*x - d, -3*x - 5*z = -1034. What is the units digit of x?
8
Suppose 5*w + 2*r - 264207 = 0, -64*w = -63*w + r - 52842. What is the hundreds digit of w?
8
Let m(l) = -l**3 + 92*l**2 - 124*l - 1418. What is the units digit of m(87)?
9
Let t(r) = -503*r + 833. What is the hundreds digit of t(-8)?
8
Suppose 96*i + 103*i = 1932688. What is the tens digit of i?
1
Let h(q) = 222*q - 471. What is the units digit of h(3)?
5
Let y = 26 - 23. Suppose 46 = -y*h + 61. What is the units digit of ((-258)/h)/((84/35)/(-6))?
9
Let s(r) = 6*r**2 + 84*r + 38. Let k be s(-13). What is the units digit of 23700/k*10/(-3)?
5
Suppose -19*f + 26*f - 47243 = 0. Suppose f = 5*r + 3*t + 1179, 0 = 4*r - 4*t - 4456. What is the hundreds digit of r?
1
Let l(c) = 333*c - 1005. What is the ten thousands digit of l(35)?
1
Suppose c + 5*z = 31, -8*c + 35 = -3*c + z. Suppose c*r = -1757 + 2585. What is the units digit of r?
8
Suppose -y - 4*v + 24579 = 0, -v + 122743 = -3*y + 8*y. What is the thousands digit of y?
4
Let b(l) = -12*l - 84. Suppose -17*f - 360 = -5*f. What is the units digit of b(f)?
6
Suppose 17816216 = 320*s + 66*s. What is the tens digit of s?
5
Suppose -4*c + 5*d = -35118, c + 3*c + 2*d - 35160 = 0. What is the thousands digit of c?
8
Suppose -756*v + 32822919 = -387*v. What is the units digit of v?
1
Let g = -46 - -49. Suppose 3*a - 2*a + n = 81, -g*n = 2*a - 163. What is the units digit of (-2194)/(-8) + (-20)/a?
4
Suppose 19*x + 70 = 21*x. Suppose -45*o - x = -50*o. Suppose o*g - 4*g + 617 = 5*a, 0 = -3*a + 3*g + 375. What is the tens digit of a?
2
Let m(l) = -l**3 + 11*l**2 + l - 5. Let c be m(11). Let a be (-7 - (-288)/40) + 178/10. Suppose 48 = c*i - a. What is the tens digit of i?
1
Let c = -497 - -503. Suppose 3*q - 6*u - 88 = -u, q - 3*u - 36 = 0. What is the units digit of q - (-8)/(c/3)?
5
Let p(g) = 138*g**2 - 603*g + 64. What is the tens digit of p(-18)?
3
Let b = -331 + 331. Let s = 221 - 377. What is the tens digit of s/54*3*(-6 + b)?
5
Let n(u) = u**3 + 2*u**2 + 2*u + 3. Let p be n(0). Suppose 0 = p*s - s - 356. What is the tens digit of s?
7
Let h(c) = -c**2 + c + 7. Let q be h(6). Let i = 21 - q. Suppose -433 = -3*k + i. What is the units digit of k?
9
Suppose 0 = -413*l + 515*l - 4170474. What is the thousands digit of l?
0
Suppose -13*f = -10*f - 4*n - 26409, -3*n = f - 8777. What is the thousands digit of f?
8
Let d = 33990 + -8654. What is the hundreds digit of d?
3
Suppose 17*i = -19*i + 9*i + 54918. What is the hundreds digit of i?
0
Let h = -43216 + 65822. What is the units digit of h?
6
Let s(h) = -h**3 - h**2 + h. Suppose o = -0*t + t + 3, 2*t + 4*o = 12. Let b be s(t). Suppose 5*y - 32 - 98 = b. What is the tens digit of y?
2
Let g(m) = -10816*m**3 + 3*m**2 + 6*m + 1. What is the units digit of g(-1)?
4
Let n(p) = -p**2 - 250*p - 433. What is the thousands digit of n(-71)?
2
Let j(b) = b**3 + 4*b**2 - 10*b + 23134. What is the thousands digit of j(0)?
3
Suppose -3*l - 2*y - 9 = -5*y, -4*l - y = -3. Suppose -1649 = -c - l*c + x, -5*x + 4939 = 3*c. What is the units digit of c?
8
Suppose 26*x - 13848 = 2*x. Suppose -1138 + 283 = -3*y + 5*h, h = 2*y - x. What is the tens digit of y?
9
Let c(h) be the third derivative of h**4/24 + h**3/2 + 29*h**2. Let l be c(10). Let z = l - -68. What is the units digit of z?
1
Suppose 65*c - 72737 = -4*c + 172144. What is the tens digit of c?
4
Let n be ((-15